32902)/(-3) - 1 - (-30)/945*21?
11, 997
Suppose 43*c - 44*c + 48866 = 0. What are the prime factors of c?
2, 53, 461
Let l(g) = 124*g + 874. List the prime factors of l(-7).
2, 3
Suppose 5*l + l = 5*a + 148937, 74468 = 3*l - 2*a. List the prime factors of l.
2, 3, 7, 197
Let r = 4360 + 3258. What are the prime factors of r?
2, 13, 293
Let k(u) = u**3 - 32*u**2 - 54*u - 224. List the prime factors of k(44).
2, 2579
Suppose -2*i = -487 + 277. Let n = 171 - i. List the prime factors of n.
2, 3, 11
Suppose -83*c - 168*c + 9181575 = -2587062. What are the prime factors of c?
3, 15629
Let d = -1286 + 794. What are the prime factors of ((-1)/(-4) - (-70)/(-35))*d?
3, 7, 41
Let s = 384 - 205. Let m = 602 - s. List the prime factors of m.
3, 47
Let v(q) = 18*q + 9. Let d be v(23). Suppose d = 4*o - 873. List the prime factors of o.
2, 3
Let i be 1/(((-2)/(-4)*2)/2). Let g(j) = 13*j**2 + 2*j + 6. Let b(n) = n**2 + n + 1. Let o(q) = -3*b(q) + g(q). What are the prime factors of o(i)?
41
Let s be 39/(-52) + (-1350)/(-8). Let f = 250 - s. Let g = f + 157. List the prime factors of g.
239
Let n be 1*3 - 10/(-5). Suppose 5*d + n*j = 2455, -j = -d + 2*j + 487. List the prime factors of d.
2, 5, 7
Let k(g) = -13*g**2 - 21*g - 1. Let v be k(-6). Let t = 486 + v. Suppose -5*j + t = -592. List the prime factors of j.
3, 7
Suppose 2*l - 2049 - 537 = 3*k, -6*l + 7730 = 5*k. List the prime factors of l.
2, 3, 5, 43
Suppose -3*x + 1090 = 5*k, 96 = 2*k - 4*x - 340. Let t = 570 - k. What are the prime factors of t?
2, 11
Let f be 679 - (-12)/4 - -7. Let u = f + -281. List the prime factors of u.
2, 3, 17
Suppose -6*j - 51582 + 1068486 = 18*j. List the prime factors of j.
7, 6053
Let c = -9690 - -13758. What are the prime factors of c?
2, 3, 113
Let o = -364 - -363. What are the prime factors of (4 + -4)*o - -346?
2, 173
Suppose 0 = 10*u - u - 99. Let m = 8 + u. Let n = m - -31. What are the prime factors of n?
2, 5
Suppose c + g - 225912 = -5*c, -5*g = 2*c - 75304. What are the prime factors of c?
2, 9413
List the prime factors of (-35)/((-700)/(-40))*-17257.
2, 17257
Suppose 22*v + 3*v - 2607907 = -18*v. List the prime factors of v.
60649
Suppose 0 = -5*r - 3*s + 379961, 33*r = 38*r + 2*s - 379969. What are the prime factors of r?
75997
Suppose -4*b = 2*w + 6, -2*w + 19 = -3*b + 32. List the prime factors of (28/(-6) + -1)/(b/(-3)).
17
Suppose 13*u + 6822 = 22*u. What are the prime factors of u?
2, 379
Let o be 15*((-26)/3 + (-18)/54). What are the prime factors of (o/(-25))/(7/1995)?
3, 19
Suppose 0 = 9*r + 10*r + 38. Let u(n) = -635*n - 42. List the prime factors of u(r).
2, 307
Let l = 65045 + -44127. What are the prime factors of l?
2, 10459
Let b(u) = 120*u - 130. Let v = 767 + -760. List the prime factors of b(v).
2, 5, 71
Let h be (-9)/(-6)*(-17 + 19). Suppose h*q - 3974 = 1363. List the prime factors of q.
3, 593
Suppose 0 = 3*k - 5 - 4. Suppose 2*z + 2*j = 528, 0*z + 3*j = -2*z + 530. Suppose 3*u - z = -h, -k*u - h = -3*h - 259. What are the prime factors of u?
3, 29
Let c = 79267 + -53551. List the prime factors of c.
2, 3, 2143
List the prime factors of 3/54 + 11074625/342.
2, 3, 7, 257
Suppose 4*m + 31 = r, 5*r - 3*m - 70 = 85. Let i = r - 28. Suppose 7*p + w = i*p + 685, 485 = 3*p - 5*w. List the prime factors of p.
2, 5, 17
Suppose 0 = -20*v + 25*v - 7370. Suppose -6*p + 3*k = -8*p + 734, -4*p + v = 3*k. What are the prime factors of p?
2, 5, 37
Let p = 66 - 47. Let x(b) = -p*b**3 - b**2 + 4 + 20*b**3 + 3*b**2 - 9*b**2. What are the prime factors of x(7)?
2
Let n be 112*1/(-12)*2*-3. Let a = 54 - n. List the prime factors of (-110)/a + 3/3.
2, 7
Suppose 27*a = 10*a + 113972 - 27408. List the prime factors of a.
2, 19, 67
Suppose 0 = -0*d - 3*d + 12. Let a be (((-12)/9)/4)/(d/132). Let f(v) = v**2 + 5*v + 19. What are the prime factors of f(a)?
5, 17
Suppose 0 = -b + 2, b + 364 + 244 = 2*x. List the prime factors of x.
5, 61
Let m = 24189 + -12374. What are the prime factors of m?
5, 17, 139
Let r(g) = -2*g + 1. Let v(c) = -150*c + 1. Let a(b) = -2*r(b) - 2*v(b). What are the prime factors of a(3)?
2, 227
Suppose -r = 1 - 0, 3*y - 2*r = -115. Let g = 441 + y. List the prime factors of g.
2, 3, 67
Let s(l) = 29*l + 679. Let x be s(-26). Let c(n) = -n**3 + 11*n**2 - 2*n - 7. Let g be c(5). Let o = g + x. What are the prime factors of o?
2, 29
Let w(f) = 35*f**2 - 84*f + 1992. What are the prime factors of w(32)?
2, 23, 191
Let c be -8 + 52/6 - 3647/3. Let j = -603 - c. What are the prime factors of j?
2, 3, 17
What are the prime factors of (-1359)/(-90)*1198 + (-11)/(-55)?
2, 3, 5, 67
Let z = -353 + 362. What are the prime factors of (-70)/21 + 4 - (-4620)/z?
2, 257
Suppose -6 = u - 5*z, 5*u + 4*z = -6 + 34. Suppose -u*m + 1451 + 17 = 0. Suppose -5*y = g - m, 3*y - 154 = y + 2*g. List the prime factors of y.
2, 37
Suppose 0 = -23*r + 656917 + 609854. What are the prime factors of r?
3, 11, 1669
Let q be 0/1*(-9)/18. Suppose q*x + 4*x = 184. Let m = x - -31. List the prime factors of m.
7, 11
Let q be 40368/10 - 13/(-65). Suppose 0 = 4*v + 7*v - q. Let o = 518 - v. List the prime factors of o.
151
Suppose -15*p = -12*p + 10*o - 237073, -5*o + 79031 = p. What are the prime factors of p?
3, 8779
Suppose v - 4*o - 47 = 0, 5*v - 125 - 50 = 5*o. Suppose 0 = -l + 3*h + 7, 4*l - 4*h - v = 7*l. Let t(q) = 12*q**2 + 6*q - 5. What are the prime factors of t(l)?
5, 53
Suppose 0 = -2*l + 14*l. Suppose -3*a + 5*i + 1873 = l, -3107 = -5*a - 0*i + i. What are the prime factors of a?
3, 23
Let v(t) be the first derivative of 4*t**2 - 4*t - 16. Let p(b) = -17*b + 9. Let o(s) = -2*p(s) - 5*v(s). What are the prime factors of o(-7)?
2, 11
Suppose -3*c = -2*k - 27500, 4*k - 7278 - 20216 = -3*c. What are the prime factors of c?
2, 4583
Suppose 41029 = 11*l - 41394. Suppose 8*i = 2611 + l. What are the prime factors of i?
3, 421
Suppose -16*w - 2732 = -2*n - 20*w, 2*n + 3*w = 2736. List the prime factors of n.
2, 3, 229
Suppose -98*l - 81044 + 355878 = -31*l. List the prime factors of l.
2, 7, 293
Let u = 123 + -31. Let m be -2 + (3 + u/(-24))*-6. What are the prime factors of 490/4 - m*2/(-12)?
3, 41
Suppose 3*c + 3022 = -4*j, 51 = j + 55. Let q = 2235 + c. List the prime factors of q.
3, 137
Let g = 2067 - -1074. List the prime factors of g.
3, 349
Let k(q) = q. Let g(o) = 155*o - 2. Let b(h) = g(h) + 2*k(h). List the prime factors of b(6).
2, 5, 47
Let l = -215 - -218. Suppose -2*h + 0*h = -4*a - 756, -l*a + 1152 = 3*h. What are the prime factors of h?
2, 191
Let c be 4/((-8)/(-122)) - 5. Suppose -c = -2*m + 212. List the prime factors of m.
2, 67
Suppose -20774 = -v - 2*p, -22*p + 30*p = 3*v - 62364. List the prime factors of v.
2, 5, 1039
Let x(u) = 2*u**2 - 20*u + 21. Let i be x(9). Suppose y - 1147 = -i*s, 0*y + 5 = -y. List the prime factors of s.
2, 3
Suppose 8*n + 2*v + 54 = 3*n, 5*v = 15. What are the prime factors of 1534/3 + 4/n?
7, 73
Let k = 54 + -52. Suppose -56 = -k*j + 76. What are the prime factors of j?
2, 3, 11
Let r = 18110 + 19019. What are the prime factors of r?
107, 347
Suppose 437 = -18*g + 17591. Suppose 2645 - g = 4*r. List the prime factors of r.
3, 47
Suppose -8*q - 108 = 60. Let z = q + 21. Suppose 4*p + 2*d - 756 = z, -4*d + 2*d - 581 = -3*p. List the prime factors of p.
191
Let v = -7875 - -12399. What are the prime factors of v?
2, 3, 13, 29
List the prime factors of -23 - -9 - -20 - -32532.
2, 3, 11, 17, 29
What are the prime factors of (-118018)/(-9) - 27/243?
3, 31, 47
List the prime factors of (10/(-30))/(5/165105)*-1.
3, 1223
Suppose 0 = -5*k + 18 - 8. Suppose 5*i - 3*o = 36, -k*o = o + 6. Suppose -i = 2*z - 26. What are the prime factors of z?
2, 5
Let a(d) = 156*d**2 + 3*d. Let u = -72 + 71. Let t(p) = p**2 + p. Let l(x) = u*t(x) + a(x). List the prime factors of l(1).
157
Let o(d) = -335*d + 8. Let m be o(-5). Let q = -522 + m. What are the prime factors of q?
3, 43
Suppose -2*r = r - 6. Suppose 3*a + 176 = r*m - 4876, 0 = 3*a. List the prime factors of (-4)/10 + m/15.
2, 3, 7
Let a be 42/8 - 11/44. Suppose -3*y + a*m = -1099, 3*y + 2*m - 372 = 734. What are the prime factors of y?
2, 23
Let u(n) = -12*n**2 + 7*n**2 - 1 + 30*n**2 + 17*n**2 - 5*n**2. List the prime factors of u(5).
2, 3, 7, 11
Let h = 778 + -427. Let i(k) = 3*k + 242